19.
8
What is the remainder when 137 is divided by 17?
1
What is the remainder when 2509 is divided by 31?
29
Calculate the remainder when 139 is divided by 20.
19
Calculate the remainder when 1407 is divided by 29.
15
Calculate the remainder when 3607 is divided by 157.
153
Calculate the remainder when 367 is divided by 47.
38
What is the remainder when 641 is divided by 70?
11
Calculate the remainder when 610 is divided by 107.
75
What is the remainder when 154 is divided by 46?
16
What is the remainder when 5881 is divided by 37?
35
Calculate the remainder when 3545 is divided by 197.
196
What is the remainder when 382 is divided by 78?
70
Calculate the remainder when 3409 is divided by 7.
0
What is the remainder when 32 is divided by 20?
12
What is the remainder when 1304 is divided by 149?
112
What is the remainder when 251 is divided by 41?
5
What is the remainder when 185 is divided by 47?
44
Calculate the remainder when 128 is divided by 43.
42
Calculate the remainder when 116 is divided by 61.
55
What is the remainder when 237 is divided by 40?
37
What is the remainder when 853 is divided by 61?
60
Calculate the remainder when 173 is divided by 54.
11
Calculate the remainder when 5334 is divided by 46.
44
Calculate the remainder when 1051 is divided by 48.
43
What is the remainder when 54 is divided by 37?
17
What is the remainder when 76 is divided by 20?
16
Calculate the remainder when 55 is divided by 17.
4
Calculate the remainder when 530 is divided by 89.
85
Calculate the remainder when 469 is divided by 116.
5
What is the remainder when 796 is divided by 116?
100
What is the remainder when 1127 is divided by 227?
219
What is the remainder when 1083 is divided by 30?
3
Calculate the remainder when 4423 is divided by 56.
55
What is the remainder when 218 is divided by 75?
68
What is the remainder when 1745 is divided by 76?
73
Calculate the remainder when 4702 is divided by 24.
22
Calculate the remainder when 2996 is divided by 91.
84
What is the remainder when 556 is divided by 43?
40
What is the remainder when 5404 is divided by 52?
48
Calculate the remainder when 264 is divided by 176.
88
Calculate the remainder when 628 is divided by 18.
16
What is the remainder when 677 is divided by 9?
2
What is the remainder when 86 is divided by 14?
2
What is the remainder when 628 is divided by 51?
16
Calculate the remainder when 246 is divided by 86.
74
What is the remainder when 72 is divided by 16?
8
Calculate the remainder when 99 is divided by 17.
14
What is the remainder when 86 is divided by 22?
20
What is the remainder when 140 is divided by 39?
23
Calculate the remainder when 213 is divided by 93.
27
What is the remainder when 529 is divided by 45?
34
What is the remainder when 41 is divided by 26?
15
Calculate the remainder when 1219 is divided by 119.
29
What is the remainder when 207 is divided by 60?
27
Calculate the remainder when 2025 is divided by 672.
9
What is the remainder when 4555 is divided by 190?
185
What is the remainder when 1286 is divided by 321?
2
What is the remainder when 433 is divided by 48?
1
Calculate the remainder when 15 is divided by 7.
1
What is the remainder when 243 is divided by 23?
13
Calculate the remainder when 1612 is divided by 107.
7
Calculate the remainder when 183 is divided by 93.
90
What is the remainder when 139 is divided by 16?
11
What is the remainder when 1117 is divided by 35?
32
What is the remainder when 73 is divided by 17?
5
Calculate the remainder when 485 is divided by 8.
5
What is the remainder when 61 is divided by 44?
17
Calculate the remainder when 464 is divided by 128.
80
Calculate the remainder when 3229 is divided by 33.
28
What is the remainder when 721 is divided by 695?
26
Calculate the remainder when 76 is divided by 11.
10
Calculate the remainder when 101 is divided by 23.
9
What is the remainder when 302 is divided by 19?
17
Calculate the remainder when 143 is divided by 52.
39
Calculate the remainder when 4481 is divided by 38.
35
What is the remainder when 2278 is divided by 283?
14
What is the remainder when 275 is divided by 71?
62
Calculate the remainder when 3309 is divided by 195.
189
Calculate the remainder when 107 is divided by 93.
14
Calculate the remainder when 4312 is divided by 34.
28
What is the remainder when 799 is divided by 73?
69
What is the remainder when 19 is divided by 8?
3
Calculate the remainder when 474 is divided by 70.
54
What is the remainder when 36 is divided by 15?
6
Calculate the remainder when 221 is divided by 48.
29
Calculate the remainder when 158 is divided by 27.
23
What is the remainder when 367 is divided by 74?
71
What is the remainder when 233 is divided by 18?
17
Calculate the remainder when 458 is divided by 42.
38
What is the remainder when 9692 is divided by 74?
72
What is the remainder when 109 is divided by 42?
25
Calculate the remainder when 2461 is divided by 808.
37
What is the remainder when 20644 is divided by 23?
13
What is the remainder when 3583 is divided by 112?
111
Calculate the remainder when 1011 is divided by 4.
3
What is the remainder when 406 is divided by 68?
66
Calculate the remainder when 8131 is divided by 19.
18
Calculate the remainder when 22417 is divided by 20.
17
Calculate the remainder when 264 is divided by 5.
4
What is the remainder when 109 is divided by 30?
19
What is the remainder when 64 is divided by 44?
20
Calculate the remainder when 1972 is divided by 36.
28
Calculate the remainder when 5592 is divided by 15.
12
What is the remainder when 770 is divided by 45?
5
What is the remainder when 272 is divided by 121?
30
What is the remainder when 87 is divided by 15?
12
What is the remainder when 535 is divided by 5?
0
What is the remainder when 515 is divided by 22?
9
Calculate the remainder when 29 is divided by 8.
5
What is the remainder when 19325 is divided by 4828?
13
Calculate the remainder when 99 is divided by 52.
47
Calculate the remainder when 3710 is divided by 5.
0
What is the remainder when 106 is divided by 40?
26
What is the remainder when 4874 is divided by 41?
36
What is the remainder when 1509 is divided by 94?
5
What is the remainder when 118 is divided by 24?
22
What is the remainder when 138 is divided by 10?
8
Calculate the remainder when 67 is divided by 16.
3
Calculate the remainder when 6721 is divided by 114.
109
Calculate the remainder when 318 is divided by 32.
30
Calculate the remainder when 6889 is divided by 78.
25
What is the remainder when 1971 is divided by 7?
4
Calculate the remainder when 167 is divided by 78.
11
Calculate the remainder when 42 is divided by 19.
4
Calculate the remainder when 256 is divided by 155.
101
What is the remainder when 1236 is divided by 31?
27
What is the remainder when 77 is divided by 48?
29
Calculate the remainder when 789 is divided by 24.
21
What is the remainder when 72 is divided by 35?
2
What is the remainder when 16 is divided by 5?
1
What is the remainder when 947 is divided by 6?
5
What is the remainder when 263 is divided by 88?
87
What is the remainder when 32 is divided by 16?
0
What is the remainder when 153 is divided by 81?
72
What is the remainder when 348 is divided by 32?
28
Calculate the remainder when 481 is divided by 3.
1
Calculate the remainder when 262 is divided by 47.
27
What is the remainder when 1545 is divided by 50?
45
Calculate the remainder when 371 is divided by 27.
20
What is the remainder when 214 is divided by 51?
10
What is the remainder when 718 is divided by 8?
6
Calculate the remainder when 310 is divided by 15.
10
Calculate the remainder when 266 is divided by 154.
112
Calculate the remainder when 906 is divided by 2.
0
What is the remainder when 358 is divided by 34?
18
What is the remainder when 126 is divided by 22?
16
Calculate the remainder when 444 is divided by 203.
38
Calculate the remainder when 159 is divided by 33.
27
Calculate the remainder when 39 is divided by 6.
3
Calculate the remainder when 20746 is divided by 57.
55
Calculate the remainder when 1400 is divided by 78.
74
Calculate the remainder when 353 is divided by 312.
41
What is the remainder when 717 is divided by 16?
13
Calculate the remainder when 1223 is divided by 30.
23
Calculate the remainder wh